{"id":2,"date":"2015-01-02T07:04:36","date_gmt":"2015-01-02T07:04:36","guid":{"rendered":"http:\/\/pnlhipnosisparaexito.com\/pnlhipnosisparasaludyfelicidad\/?page_id=2"},"modified":"2015-01-03T01:57:17","modified_gmt":"2015-01-03T01:57:17","slug":"nlphypnosiscentre","status":"publish","type":"page","link":"https:\/\/pnlhipnosisparaexito.com\/pnlhipnosisparasaludyfelicidad\/nlphypnosiscentre\/","title":{"rendered":"Empresa"},"content":{"rendered":"<p>PNL Hypnosis Para \u00c9xito &#8211; pnlhipnosisparaexito.com &#8211; PNL Hipnosis Para Salud &#8211; Es un sitio web de NLP Hipnosis Centre. Empresa registrada en Ontario, Canad\u00e1. Con oficinas en London, Ontario Canad\u00e1.<\/p>\n<p>La Hipnosis, La PNL y el Personal Coaching pueden ayudarle a eliminar limitantes en su vida y vivir m\u00e1s feliz, m\u00e1s saludable y mayor \u00e9xito.<\/p>\n<div>\n<p>En NLP Hypnosis Centre utilizamos una combinaci\u00f3n de t\u00e9cnicas de PNL, hipnosis(hipnotismo), Time-<wbr \/>Based y Personal Coaching para ayudarle a lograr sus metas.<\/p>\n<p>En nuestras sesiones usted tiene el control todo el tiempo.<\/p>\n<p>Le explicaremos en profundidad qu\u00e9 puede esperar y revisaremos con usted todo el proceso.<\/p>\n<p>Le ense\u00f1aremos la auto-<wbr \/>hipnosis, para que pueda inducir a un estado hipn\u00f3tico relajaci\u00f3n profunda.<\/p>\n<p>Cambie Su Futuro. Ll\u00e1menos Hoy<\/p>\n<\/div>\n<div>\n<p>519-<wbr \/>495-<wbr \/>6405<\/p>\n<\/div>\n<p><img alt=\"\" src=\"http:\/\/www.pnlhipnosisparaexito.com\/wpimages\/wp9ad04001_06.png\" \/><img alt=\"\" src=\"http:\/\/www.pnlhipnosisparaexito.com\/wpimages\/wp9ad04001_06.png\" \/><\/p>\n<div>\n<p>La hipnosis se ha utilizado con \u00e9xito en el tratamiento de fobias, el fumar, la obesidad y la motivaci\u00f3n. Utilizado por un profesional se considera seguro. Siempre verifique las credenciales de la persona que realiza la sesi\u00f3n. Puede que no sea adecuada en las personas con enfermedades mentales.<\/p>\n<p>Si tienes dudas, por favor consulte con su doctor. Nosotros no somos una facilidad m\u00e9dica.<\/p>\n<\/div>\n<div>\n<p><a href=\"http:\/\/www.pnlhipnosisparaexito.com\/contacto.html\">Haga su Cita Hoy Mismo<\/a><\/p>\n<\/div>\n<div>\n<h2>NLP Hypnosis Centre &#8211; Declaraci\u00f3n de la Misi\u00f3n<\/h2>\n<p>Nuestra misi\u00f3n : inspirar y transformar su vida de una manera que le ayudar\u00e1 a alcanzar sus metas, sentirse motivado\/a y feliz.<\/p>\n<p>Nuestros Servicios<\/p>\n<p>Desarrollo personal y de negocios.<\/p>\n<p>Utilizamos potentes herramientas y t\u00e9cnicas como la hipnosis, hipnotismo, Programaci\u00f3n Neuro &#8211;<wbr \/>Ling\u00fc\u00edstica ( PNL ) y Coaching para ayudarle a alcanzar sus metas, motivarse y ser una persona m\u00e1s feliz. Podemos usar las mismas t\u00e9cnicas para ayudar a su equipo en su negocio para convertirse motivado y eficiente.<\/p>\n<h2>Sitio web:<\/h2>\n<p>PNL Hipnosis Para \u00c9xito:<\/p>\n<p><a href=\"http:\/\/www.pnlhipnosisparaexito.com\/\" target=\"_blank\">www.pnlhipnosisparaexito.com<\/a><\/p>\n<p>&nbsp;<\/p>\n<h2>NLP Hypnosis Centre &#8211; Valores Fundamentales<\/h2>\n<p>NLP Hypnosis Centre tiene el compromiso de su bienestar. Nos apasiona hacer una diferencia para usted y \/ o su negocio.<\/p>\n<p>Valores fundamentales : respeto, honestidad, profesionalismo, excelencia y cuidado.<\/p>\n<p>Vivimos para hacer este mundo mejor al ayudar a una persona a la hora de convertirse en una persona \u00a0mejor y m\u00e1s feliz.<\/p>\n<p>&nbsp;<\/p>\n<\/div>\n","protected":false},"excerpt":{"rendered":"<p>PNL Hypnosis Para \u00c9xito &#8211; pnlhipnosisparaexito.com &#8211; PNL Hipnosis Para Salud &#8211; Es un sitio web de NLP Hipnosis Centre. Empresa registrada en Ontario, Canad\u00e1. Con oficinas en London, Ontario Canad\u00e1. La Hipnosis, La PNL y el Personal Coaching pueden ayudarle a eliminar limitantes en su vida y vivir m\u00e1s feliz, m\u00e1s saludable y mayor [&hellip;]<\/p>\n","protected":false},"author":1,"featured_media":0,"parent":0,"menu_order":0,"comment_status":"open","ping_status":"open","template":"","meta":[],"_links":{"self":[{"href":"https:\/\/pnlhipnosisparaexito.com\/pnlhipnosisparasaludyfelicidad\/wp-json\/wp\/v2\/pages\/2"}],"collection":[{"href":"https:\/\/pnlhipnosisparaexito.com\/pnlhipnosisparasaludyfelicidad\/wp-json\/wp\/v2\/pages"}],"about":[{"href":"https:\/\/pnlhipnosisparaexito.com\/pnlhipnosisparasaludyfelicidad\/wp-json\/wp\/v2\/types\/page"}],"author":[{"embeddable":true,"href":"https:\/\/pnlhipnosisparaexito.com\/pnlhipnosisparasaludyfelicidad\/wp-json\/wp\/v2\/users\/1"}],"replies":[{"embeddable":true,"href":"https:\/\/pnlhipnosisparaexito.com\/pnlhipnosisparasaludyfelicidad\/wp-json\/wp\/v2\/comments?post=2"}],"version-history":[{"count":3,"href":"https:\/\/pnlhipnosisparaexito.com\/pnlhipnosisparasaludyfelicidad\/wp-json\/wp\/v2\/pages\/2\/revisions"}],"predecessor-version":[{"id":12,"href":"https:\/\/pnlhipnosisparaexito.com\/pnlhipnosisparasaludyfelicidad\/wp-json\/wp\/v2\/pages\/2\/revisions\/12"}],"wp:attachment":[{"href":"https:\/\/pnlhipnosisparaexito.com\/pnlhipnosisparasaludyfelicidad\/wp-json\/wp\/v2\/media?parent=2"}],"curies":[{"name":"wp","href":"https:\/\/api.w.org\/{rel}","templated":true}]}}